f 440 and 235?
5
Calculate the greatest common divisor of 68840 and 65.
5
Calculate the highest common divisor of 4157092 and 4.
4
What is the highest common divisor of 145368 and 60?
12
What is the greatest common factor of 4555 and 75?
5
What is the highest common divisor of 2535 and 687?
3
What is the greatest common factor of 23500 and 799?
47
Calculate the highest common divisor of 104 and 7618.
26
Calculate the highest common divisor of 7201 and 133.
19
What is the highest common factor of 164 and 556?
4
Calculate the highest common factor of 698153 and 333.
37
Calculate the highest common factor of 1488654 and 866.
866
What is the greatest common divisor of 48 and 192438?
6
Calculate the highest common factor of 1530 and 33570.
90
What is the greatest common divisor of 9830 and 6480?
10
Calculate the highest common divisor of 215 and 509765.
215
What is the highest common factor of 21900 and 300?
300
Calculate the greatest common factor of 1222 and 4581278.
1222
Calculate the greatest common divisor of 34818 and 238.
14
Calculate the greatest common divisor of 30173 and 572.
143
Calculate the greatest common factor of 812 and 187348.
28
What is the greatest common divisor of 48 and 78096?
48
What is the highest common factor of 134 and 3082603?
67
Calculate the greatest common factor of 935 and 36025.
55
Calculate the highest common divisor of 1627094 and 14.
14
What is the greatest common divisor of 8756 and 1782?
22
Calculate the greatest common factor of 30 and 3262190.
10
Calculate the highest common factor of 4484 and 6004.
76
What is the highest common divisor of 3606849 and 243?
243
What is the greatest common divisor of 1061774 and 28?
14
Calculate the highest common divisor of 4072 and 152.
8
Calculate the greatest common factor of 149292 and 2639.
377
What is the greatest common divisor of 218512 and 112?
112
Calculate the highest common divisor of 217492 and 176.
44
Calculate the greatest common divisor of 686054 and 6.
2
What is the highest common factor of 5775 and 19225?
25
What is the greatest common divisor of 73555 and 939?
313
What is the greatest common factor of 1530 and 7599?
51
Calculate the greatest common factor of 912580 and 11124.
412
Calculate the greatest common factor of 5261958 and 199.
199
What is the greatest common factor of 1 and 1682?
1
Calculate the highest common factor of 1782 and 4994.
22
What is the greatest common factor of 52521 and 196?
7
Calculate the greatest common divisor of 10527 and 15488.
121
What is the greatest common divisor of 4653 and 4841?
47
What is the highest common divisor of 336 and 1344?
336
Calculate the highest common divisor of 98 and 896.
14
What is the greatest common factor of 15696 and 14400?
144
What is the highest common factor of 1826 and 24706?
22
Calculate the greatest common divisor of 1216 and 3456.
64
What is the greatest common factor of 427 and 651?
7
What is the highest common factor of 91471 and 15088?
943
What is the greatest common factor of 106 and 9063?
53
Calculate the highest common divisor of 1799 and 12761.
7
Calculate the highest common factor of 117465 and 3247.
191
What is the greatest common divisor of 12738 and 108?
6
What is the highest common divisor of 734 and 83?
1
What is the highest common factor of 88 and 2101?
11
What is the highest common divisor of 52125 and 6672?
417
What is the highest common factor of 11600 and 40?
40
Calculate the highest common divisor of 14 and 266189.
7
Calculate the greatest common factor of 735 and 60.
15
Calculate the highest common divisor of 21463 and 845.
169
Calculate the greatest common factor of 122 and 7454749.
61
What is the greatest common factor of 1007507 and 4744?
593
Calculate the greatest common factor of 136 and 18938.
34
Calculate the highest common divisor of 479034 and 288.
18
Calculate the highest common divisor of 3932 and 64.
4
What is the greatest common factor of 6 and 8462?
2
What is the greatest common factor of 344 and 1072?
8
Calculate the highest common divisor of 360 and 94680.
360
What is the greatest common factor of 26192 and 592?
16
What is the greatest common divisor of 11816 and 112?
56
What is the greatest common factor of 303 and 362691?
303
What is the greatest common divisor of 25 and 135225?
25
What is the highest common factor of 40056 and 42?
6
What is the greatest common factor of 73 and 2?
1
What is the greatest common divisor of 428324 and 52?
52
Calculate the greatest common divisor of 565541 and 6587.
941
Calculate the greatest common factor of 743936 and 104.
8
Calculate the highest common factor of 182032 and 124.
124
Calculate the highest common factor of 18580 and 1020.
20
What is the highest common divisor of 13396 and 748?
68
Calculate the greatest common factor of 420 and 1422570.
30
What is the highest common divisor of 9095 and 2125?
85
Calculate the highest common divisor of 39410 and 10.
10
Calculate the greatest common divisor of 675 and 3861.
27
Calculate the greatest common factor of 1140 and 980.
20
What is the greatest common divisor of 2471 and 20783?
7
What is the highest common divisor of 492 and 808479?
123
Calculate the highest common factor of 30481 and 23749.
187
Calculate the highest common divisor of 150 and 400.
50
What is the greatest common factor of 5580 and 710?
10
Calculate the highest common divisor of 37 and 75924.
37
Calculate the greatest common divisor of 589688 and 66.
22
What is the greatest common factor of 1955 and 23851?
391
What is the highest common divisor of 8248498 and 827?
827
What is the greatest common factor of 1233657 and 27?
27
What is the greatest common factor of 1191 and 5?
1
Calculate the highest common factor of 416 and 83408.
208
Calculate the highest common divisor of 2668 and 4321.
29
What is the greatest common factor of 2922 and 258?
6
What is the greatest common divisor of 391 and 5420433?
391
Calculate the greatest common divisor of 2877 and 97125.
21
What is the highest common divisor of 16104 and 132?
132
Calculate the highest common factor of 1430511 and 183.
183
Calculate the greatest common divisor of 6397718 and 62.
62
Calculate the highest common divisor of 37 and 16491714.
37
What is the highest common factor of 336 and 304248?
168
Calculate the highest common factor of 1 and 1919471.
1
What is the greatest common divisor of 74772 and 342?
18
Calculate the greatest common divisor of 55398 and 56.
14
Calculate the greatest common divisor of 33 and 3311.
11
What is the greatest common factor of 36701 and 98?
49
What is the highest common divisor of 245075 and 25?
25
What is the highest common factor of 25185 and 43727?
73
What is the highest common factor of 55 and 1465?
5
What is the greatest common factor of 10770452 and 484?
484
What is the greatest common factor of 5404 and 490413?
1351
What is the greatest common divisor of 2337975 and 54?
9
Calculate the greatest common factor of 776074 and 26.
26
Calculate the greatest common divisor of 417 and 1137.
3
What is the highest common factor of 21045 and 18285?
345
What is the greatest common divisor of 30561 and 75?
3
What is the greatest common divisor of 51315 and 8397?
933
What is the greatest common divisor of 1732124 and 668?
668
What is the highest common divisor of 72 and 138708?
36
What is the highest common factor of 136070 and 110?
110
Calculate the highest common divisor of 1161 and 3397.
43
What is the highest common factor of 14520 and 104?
8
What is the highest common factor of 5644 and 111884?
332
Calculate the greatest common divisor of 2370 and 17538.
474
Calculate the highest common divisor of 2409 and 198.
33
Calculate the highest common divisor of 308 and 6292.
44
What is the highest common divisor of 125 and 92975?
25
What is the greatest common divisor of 190102 and 1936?
22
Calculate the highest common divisor of 306552 and 241.
241
Calculate the greatest common factor of 816 and 11696.
272
Calculate the highest common factor of 808 and 968.
8
What is the highest common factor of 634 and 1050?
2
What is the greatest common factor of 9702 and 72?
18
Calculate the highest common factor of 48 and 80.
16
What is the highest common factor of 56 and 71218?
14
Calculate the greatest common divisor of 9 and 1851.
3
What i